 of 29792 and 2156?
196
What is the highest common divisor of 350 and 234325?
175
What is the highest common divisor of 79059 and 657?
219
Calculate the greatest common divisor of 370 and 503126.
74
What is the greatest common factor of 979 and 10324?
89
Calculate the highest common factor of 1044 and 228.
12
Calculate the greatest common divisor of 5280 and 1032.
24
Calculate the highest common divisor of 22644 and 2886.
222
What is the greatest common factor of 120 and 98280?
120
Calculate the greatest common divisor of 1608 and 325821.
201
What is the highest common divisor of 470 and 94235?
235
What is the greatest common factor of 12 and 3078654?
6
Calculate the greatest common factor of 319 and 638.
319
What is the greatest common divisor of 2920 and 15?
5
Calculate the highest common divisor of 1858766 and 14.
14
Calculate the highest common factor of 15 and 939465.
15
What is the greatest common divisor of 11033 and 119?
17
What is the greatest common divisor of 2610 and 4379?
29
What is the greatest common divisor of 803 and 46793?
73
Calculate the greatest common factor of 1202 and 28.
2
Calculate the greatest common factor of 2 and 51054.
2
Calculate the greatest common divisor of 8455 and 712.
89
What is the highest common factor of 25062 and 66?
6
Calculate the highest common divisor of 239104 and 480.
32
What is the greatest common factor of 243 and 14337?
243
Calculate the highest common factor of 344 and 17243.
43
Calculate the highest common divisor of 16 and 3315448.
8
What is the greatest common divisor of 770267 and 287?
41
Calculate the highest common divisor of 186915 and 510.
255
What is the highest common factor of 420 and 346640?
140
What is the greatest common divisor of 1104 and 76544?
368
Calculate the highest common factor of 2135 and 295057.
427
Calculate the highest common factor of 216231 and 12.
3
Calculate the greatest common divisor of 90 and 8886.
6
What is the greatest common factor of 42005 and 10840?
1355
What is the highest common factor of 756 and 223587?
189
What is the highest common factor of 34 and 122587?
17
What is the greatest common factor of 1521143 and 26?
13
Calculate the greatest common factor of 1353 and 40139.
451
What is the highest common divisor of 735 and 477?
3
Calculate the highest common divisor of 4512 and 1248.
96
What is the highest common divisor of 189592 and 208?
104
What is the greatest common factor of 6537 and 12?
3
Calculate the greatest common divisor of 243063 and 19323.
1017
What is the greatest common divisor of 43 and 112574?
43
What is the greatest common divisor of 3696 and 825?
33
Calculate the highest common divisor of 594 and 50193.
297
Calculate the greatest common factor of 1433440 and 10.
10
Calculate the highest common divisor of 3377 and 3949.
11
What is the highest common factor of 9571 and 2252?
563
Calculate the greatest common factor of 304 and 16948.
76
What is the highest common factor of 583569 and 1593?
531
Calculate the highest common factor of 116 and 11107.
29
What is the greatest common divisor of 440 and 136?
8
Calculate the highest common divisor of 16005 and 20855.
485
Calculate the highest common divisor of 428 and 1580.
4
What is the greatest common divisor of 5373 and 12?
3
Calculate the greatest common factor of 47265 and 525.
15
What is the highest common divisor of 81 and 7?
1
What is the greatest common divisor of 363 and 309639?
363
Calculate the highest common factor of 760 and 261155.
95
What is the greatest common factor of 370464 and 12?
12
What is the highest common divisor of 1347 and 6?
3
What is the highest common divisor of 1005923 and 29?
29
Calculate the highest common factor of 407 and 1771.
11
Calculate the highest common divisor of 60078 and 372.
186
Calculate the greatest common factor of 283 and 96.
1
Calculate the greatest common factor of 52685 and 1025.
205
What is the highest common divisor of 6 and 1885578?
6
Calculate the highest common factor of 1884 and 8070.
6
Calculate the greatest common divisor of 57222 and 167178.
1122
Calculate the highest common factor of 3021 and 689.
53
Calculate the highest common divisor of 1124 and 420938.
562
What is the greatest common divisor of 10950 and 105600?
150
Calculate the highest common factor of 261 and 5674227.
87
What is the greatest common factor of 624 and 59484?
12
What is the greatest common divisor of 257565 and 210?
105
What is the greatest common factor of 27 and 18153?
9
Calculate the highest common factor of 107295 and 285.
15
Calculate the highest common divisor of 24 and 12666.
6
Calculate the highest common divisor of 12028 and 873.
97
Calculate the highest common factor of 9029 and 1.
1
What is the highest common factor of 429 and 3454?
11
What is the greatest common divisor of 27272 and 8064?
56
Calculate the greatest common divisor of 11595 and 15.
15
Calculate the highest common divisor of 248 and 2047488.
248
Calculate the highest common divisor of 77 and 277640.
11
Calculate the highest common divisor of 4 and 34785.
1
What is the greatest common factor of 15529 and 293?
293
What is the greatest common divisor of 119 and 48773?
17
What is the highest common factor of 608 and 13756?
76
Calculate the highest common divisor of 1584264 and 132.
132
What is the highest common factor of 273855 and 195?
15
Calculate the greatest common factor of 297 and 643038.
33
What is the greatest common factor of 200334 and 37887?
519
Calculate the greatest common factor of 210 and 11004.
42
What is the highest common divisor of 62335 and 13195?
455
What is the highest common factor of 1440 and 1254720?
480
Calculate the highest common factor of 1111369 and 30821.
1813
What is the highest common factor of 148 and 94868?
148
Calculate the highest common factor of 3916 and 3058.
22
What is the highest common divisor of 76 and 72143?
19
Calculate the greatest common divisor of 15 and 338115.
15
Calculate the greatest common factor of 770 and 9730.
70
Calculate the highest common factor of 3332 and 1564.
68
Calculate the greatest common divisor of 30128 and 448.
112
What is the greatest common factor of 4290 and 750?
30
Calculate the greatest common factor of 5184 and 13284.
324
What is the highest common divisor of 39216 and 57?
57
Calculate the greatest common factor of 1689858 and 27.
9
What is the highest common factor of 48 and 4254?
6
Calculate the highest common divisor of 80 and 12820.
20
Calculate the highest common divisor of 574 and 38745.
287
Calculate the highest common divisor of 3473 and 207.
23
Calculate the greatest common factor of 27 and 5223.
3
What is the highest common factor of 417804 and 36?
12
What is the greatest common divisor of 31 and 633888?
31
Calculate the greatest common factor of 7982 and 806.
26
What is the highest common factor of 36 and 4584?
12
Calculate the greatest common factor of 223 and 2250516.
223
Calculate the greatest common factor of 216 and 656.
8
What is the greatest common divisor of 50 and 70975?
25
Calculate the highest common factor of 79430 and 650.
130
What is the greatest common divisor of 40 and 291580?
20
What is the greatest common factor of 117 and 407277?
117
Calculate the highest common divisor of 23596 and 612.
68
Calculate the greatest common factor of 9073 and 602.
43
Calculate the greatest common divisor of 295 and 71685.
295
What is the highest common divisor of 46530 and 47705?
235
Calculate the highest common factor of 364 and 2324.
28
Calculate the greatest common factor of 1176 and 644056.
392
Calculate the greatest common factor of 304 and 7372.
76
Calculate the highest common factor of 732 and 73383.
183
Calculate the greatest common factor of 93132 and 3276.
468
Calculate the highest common divisor of 125137 and 14289.
433
Calculate the greatest common divisor of 8113168 and 8988.
2996
Calculate the highest common divisor of 25493 and 123331.
689
Calculate the greatest common factor of 1651 and 17780.
127
Calculate the greatest common factor of 4260 and 30530.
710
Calculate the highest common divisor of 8646 and 2096.
262
Calculate the highest common factor of 403470 and 900.
90
Calculate the greatest common divisor of 623667 and 11.
11
Calculate the highest common divisor of 48 and 1882032.
48
